What is the remainder when 495676 is divided by 91?
90
Calculate the remainder when 3362362 is divided by 480300.
262
Calculate the remainder when 348298 is divided by 17414.
18
Calculate the remainder when 4727427 is divided by 10277.
7
Calculate the remainder when 57775107 is divided by 3610944.
3
Calculate the remainder when 14086661 is divided by 14828.
61
Calculate the remainder when 7497 is divided by 1104.
873
What is the remainder when 49198 is divided by 1404?
58
What is the remainder when 40389125 is divided by 7012?
5
Calculate the remainder when 992803 is divided by 13060.
243
What is the remainder when 14637670 is divided by 882?
880
What is the remainder when 76391606 is divided by 41?
37
Calculate the remainder when 5682213 is divided by 199.
166
Calculate the remainder when 30122 is divided by 10033.
23
Calculate the remainder when 65715501 is divided by 159.
6
What is the remainder when 1559144574 is divided by 88?
86
What is the remainder when 12496156 is divided by 333?
331
What is the remainder when 2682804 is divided by 97?
75
What is the remainder when 399034 is divided by 133008?
10
Calculate the remainder when 186807205 is divided by 114676.
1
What is the remainder when 589522 is divided by 53592?
10
What is the remainder when 1842694 is divided by 848?
838
What is the remainder when 231678 is divided by 3023?
1930
Calculate the remainder when 6814726 is divided by 851839.
14
Calculate the remainder when 496153 is divided by 363.
295
What is the remainder when 466900 is divided by 849?
799
Calculate the remainder when 153853 is divided by 76897.
59
What is the remainder when 9088812 is divided by 14?
12
What is the remainder when 1700471 is divided by 307?
305
What is the remainder when 9062550 is divided by 4795?
0
Calculate the remainder when 3078014 is divided by 1025981.
71
Calculate the remainder when 148317040 is divided by 291389.
39
What is the remainder when 44483 is divided by 2159?
1303
What is the remainder when 130986 is divided by 91?
37
What is the remainder when 272739 is divided by 90762?
453
What is the remainder when 62211593 is divided by 12442318?
3
Calculate the remainder when 13539487 is divided by 376094.
103
Calculate the remainder when 15438316 is divided by 1007.
1006
What is the remainder when 182748 is divided by 2279?
428
Calculate the remainder when 3545 is divided by 3036.
509
Calculate the remainder when 86880 is divided by 273.
66
What is the remainder when 98819 is divided by 16350?
719
What is the remainder when 31842 is divided by 52?
18
What is the remainder when 1325310 is divided by 99?
96
Calculate the remainder when 675813349 is divided by 6.
1
Calculate the remainder when 2771782 is divided by 215.
2
Calculate the remainder when 9329747 is divided by 12.
11
What is the remainder when 204092036 is divided by 68030672?
20
What is the remainder when 647418 is divided by 129475?
43
What is the remainder when 73247 is divided by 8497?
5271
What is the remainder when 83045598 is divided by 9?
6
What is the remainder when 4924257 is divided by 60?
57
What is the remainder when 10616717 is divided by 758332?
69
Calculate the remainder when 227127193 is divided by 28390899.
1
What is the remainder when 5623500 is divided by 4078?
4016
Calculate the remainder when 3007352 is divided by 45.
2
Calculate the remainder when 1631494 is divided by 90620.
334
Calculate the remainder when 159847866 is divided by 4.
2
What is the remainder when 4957695 is divided by 220?
215
What is the remainder when 4563681 is divided by 113?
63
What is the remainder when 9397601 is divided by 563?
5
Calculate the remainder when 2069843 is divided by 40563.
1130
What is the remainder when 24522 is divided by 4800?
522
Calculate the remainder when 6889994 is divided by 561.
353
Calculate the remainder when 72559468 is divided by 198.
190
Calculate the remainder when 83125 is divided by 649.
53
Calculate the remainder when 1606010 is divided by 94470.
20
Calculate the remainder when 1810225 is divided by 3635.
3630
Calculate the remainder when 658267 is divided by 103.
97
Calculate the remainder when 1114448 is divided by 8499.
1079
What is the remainder when 214209 is divided by 3906?
3285
Calculate the remainder when 22403145 is divided by 8848.
9
What is the remainder when 1010917 is divided by 13?
11
Calculate the remainder when 4234924 is divided by 341.
45
Calculate the remainder when 1738186 is divided by 727.
656
Calculate the remainder when 8858011 is divided by 2952606.
193
What is the remainder when 5580410 is divided by 77?
66
Calculate the remainder when 198303 is divided by 28243.
602
Calculate the remainder when 359602 is divided by 11983.
112
What is the remainder when 59432626 is divided by 120?
106
Calculate the remainder when 2824019 is divided by 1411954.
111
What is the remainder when 1463063 is divided by 1606?
1603
Calculate the remainder when 2638189 is divided by 5614.
5223
Calculate the remainder when 134030298 is divided by 67015146.
6
Calculate the remainder when 326869 is divided by 100.
69
Calculate the remainder when 44256 is divided by 1800.
1056
Calculate the remainder when 17271045 is divided by 23.
0
What is the remainder when 273489 is divided by 273141?
348
Calculate the remainder when 41093524 is divided by 22.
10
Calculate the remainder when 303997211 is divided by 15.
11
What is the remainder when 26359698 is divided by 10?
8
Calculate the remainder when 2692119 is divided by 15.
9
What is the remainder when 1462762 is divided by 3594?
4
What is the remainder when 1300530 is divided by 41951?
49
What is the remainder when 5532810 is divided by 110655?
60
Calculate the remainder when 48669 is divided by 8012.
597
Calculate the remainder when 16481202 is divided by 299658.
12
What is the remainder when 7203067 is divided by 85?
82
What is the remainder when 113423646 is divided by 28355911?
2
Calculate the remainder when 102891052 is divided by 935373.
22
What is the remainder when 649655204 is divided by 214?
210
Calculate the remainder when 53889 is divided by 2147.
214
What is the remainder when 27630174 is divided by 35?
19
What is the remainder when 68217210 is divided by 22739050?
60
Calculate the remainder when 2949348 is divided by 25.
23
Calculate the remainder when 10013173 is divided by 492.
481
What is the remainder when 931831 is divided by 288?
151
What is the remainder when 260212419 is divided by 130?
129
What is the remainder when 59569 is divided by 767?
510
Calculate the remainder when 462439 is divided by 5571.
46
What is the remainder when 449429 is divided by 948?
77
What is the remainder when 66399 is divided by 1761?
1242
Calculate the remainder when 3383200 is divided by 507.
496
Calculate the remainder when 5715994 is divided by 1905325.
19
Calculate the remainder when 1685937 is divided by 226.
203
Calculate the remainder when 14275546 is divided by 7137738.
70
Calculate the remainder when 22181161 is divided by 964397.
30
Calculate the remainder when 414926873 is divided by 30.
23
What is the remainder when 1678118858 is divided by 1892?
1890
What is the remainder when 643967 is divided by 128223?
2852
Calculate the remainder when 181478 is divided by 4521.
638
What is the remainder when 9873 is divided by 308?
17
Calculate the remainder when 3049429 is divided by 21.
19
Calculate the remainder when 52611001 is divided by 950.
1
What is the remainder when 1063172 is divided by 330?
242
Calculate the remainder when 3660 is divided by 5.
0
What is the remainder when 588323 is divided by 849?
815
What is the remainder when 97489366 is divided by 3?
1
What is the remainder when 1751117 is divided by 583699?
20
What is the remainder when 245312 is divided by 81761?
29
What is the remainder when 13424046 is divided by 578?
574
Calculate the remainder when 3299392 is divided by 1099742.
166
What is the remainder when 107686141 is divided by 51?
49
What is the remainder when 9908815 is divided by 40?
15
Calculate the remainder when 115539 is divided by 4279.
6
Calculate the remainder when 5312360 is divided by 47859.
11
Calculate the remainder when 6237 is divided by 984.
333
Calculate the remainder when 10669654 is divided by 60.
34
Calculate the rem